 (base 6) to base 11.
-944500
66001350 (base 8) to base 9
28566076
Convert -21a14 (base 11) to base 4.
-13301132
Convert -311421 (base 7) to base 8.
-150200
-17e704 (base 16) to base 10
-1566468
Convert -1124154 (base 10) to base 4.
-10102130322
Convert 3e871 (base 16) to base 12.
104269
58350 (base 12) to base 4
130303230
-402167 (base 8) to base 15
-29295
-210100122101 (base 4) to base 10
-9504401
What is -64c86 (base 15) in base 10?
-320076
Convert -10110011 (base 4) to base 14.
-6621
What is -fcc7 (base 16) in base 12?
-31547
What is 3462600 (base 7) in base 15?
890c6
Convert 17142 (base 13) to base 2.
1010110010000011
What is 105442343 (base 6) in base 8?
7340067
What is -21152621 (base 7) in base 10?
-1794542
Convert -1228220 (base 11) to base 12.
-86aa55
10150453 (base 7) to base 9
1538471
What is 102121311121 (base 4) in base 3?
100002002211211
Convert 32233210 (base 4) to base 8.
165744
Convert 20115404 (base 6) to base 7.
4563211
What is -150057 (base 10) in base 7?
-1163325
What is 573505 (base 8) in base 15?
3c8d3
What is 13311003003 (base 4) in base 12?
82b803
10022112002 (base 3) to base 15
1450b
-1170361 (base 10) to base 4
-10131232321
Convert 111100011111110011 (base 2) to base 8.
743763
What is 553e26 (base 15) in base 4?
33200001033
46860 (base 9) to base 8
75130
-2333312 (base 5) to base 7
-236145
-120110110001 (base 3) to base 2
-1001010010010111110
Convert -14208064 (base 9) to base 16.
-6b4f91
Convert 2b4a4 (base 13) to base 14.
21cc3
-6517 (base 11) to base 3
-102210212
-12110324 (base 6) to base 2
-1011101010111101100
What is 55326 (base 7) in base 5?
421022
What is 789127 (base 14) in base 4?
33220033333
Convert -74274 (base 13) to base 2.
-110011000011111100
191340 (base 10) to base 8
565554
What is 628765 (base 11) in base 7?
11363211
What is 1220202222122 (base 3) in base 13?
298b4a
Convert -855e7 (base 16) to base 4.
-2011113213
What is 22060 (base 8) in base 6?
110520
1122110022010 (base 3) to base 16
d5a0b
1300203 (base 5) to base 3
1021100220
Convert 211024 (base 7) to base 15.
aba1
Convert 1501533 (base 9) to base 14.
1779a2
149322 (base 11) to base 5
24410411
What is 9b8b (base 15) in base 3?
1200020112
486974 (base 12) to base 5
300013333
Convert -102201554 (base 7) to base 2.
-10111000001001110100100
-10201102212202 (base 3) to base 16
-1e2a80
-4233031 (base 5) to base 8
-212550
Convert 121222100102100 (base 3) to base 11.
5102139
What is 3740006 (base 8) in base 15?
155c83
11010001010000111100101 (base 2) to base 14
ca6d93
Convert -1027602 (base 8) to base 15.
-56421
Convert -320213220 (base 4) to base 3.
-102210010100
-24133131 (base 5) to base 2
-110110101110100110
Convert -15513165 (base 10) to base 6.
-1312300113
34513515 (base 6) to base 13
2b4b34
-1433766 (base 8) to base 14
-a8742
-1899613 (base 10) to base 11
-1088231
Convert 213b2 (base 12) to base 6.
534342
What is 11000112112111 (base 3) in base 13?
59a526
What is -24003033 (base 5) in base 16?
-35807
1112002003 (base 4) to base 2
1010110000010000011
What is 3313303003 (base 4) in base 13?
296ca4
Convert -2211102010202 (base 3) to base 13.
-408776
-10462101 (base 7) to base 16
-dd2b9
What is 2133033043 (base 5) in base 13?
c44ac4
Convert 112a269 (base 12) to base 2.
1100100100001011110001
Convert 190d870 (base 14) to base 5.
11134013130
6466342 (base 7) to base 12
321057
What is -40440b1 (base 12) in base 5?
-11040041200
Convert -2034304 (base 5) to base 8.
-101650
-178b8 (base 12) to base 14
-c616
What is 223688 (base 12) in base 13?
161273
Convert 1242243223 (base 5) to base 13.
841318
What is -127505 (base 10) in base 5?
-13040010
Convert 14103041 (base 7) to base 9.
2418652
What is -628793 (base 12) in base 5?
-344040112
-1303113033 (base 4) to base 11
-2a3020
What is 2313130 (base 5) in base 12?
20141
Convert 1000011010000011110 (base 2) to base 5.
32303421
-1225a8 (base 16) to base 2
-100100010010110101000
-347163 (base 8) to base 6
-2312031
What is 434240302 (base 5) in base 6?
104013030
What is -3345241 (base 7) in base 4?
-1211101132
-212200120202120 (base 3) to base 16
-c0177f
Convert -116689 (base 16) to base 9.
-2127247
What is -323421 (base 7) in base 13?
-1c914
What is 11674550 (base 8) in base 14?
4b4ac8
What is -16722 (base 9) in base 6?
-125202
271959 (base 13) to base 7
11020623
Convert 976437 (base 16) to base 15.
d0eae6
Convert 110031132 (base 4) to base 5.
10122112
-ad469d (base 14) to base 2
-10110011101111110010011
Convert -696590 (base 10) to base 8.
-2520416
What is -a677b9 (base 14) in base 2?
-10101011110011000100111
9976 (base 11) to base 7
53225
Convert 140101133 (base 5) to base 12.
2a0982
274c22 (base 13) to base 2
11101000110000001101
155ab (base 12) to base 6
351535
What is 2121022210 (base 3) in base 8?
144103
138a1 (base 15) to base 3
10012000021
32c7ab9 (base 13) to base 16
edc6f6
What is -2104423310 (base 5) in base 16?
-42bc4c
Convert 230021112 (base 4) to base 2.
101100001001010110
Convert 4867345 (base 9) to base 6.
132351405
Convert 23099 (base 13) to base 3.
10020120102
What is 130051502 (base 7) in base 6?
452441145
-100020000111122 (base 3) to base 4
-102230220323
What is -539d44 (base 14) in base 11?
-1664528
331103110 (base 4) to base 2
111101010011010100
What is 151610 (base 11) in base 2?
111001101100100100
Convert 1212110202220 (base 3) to base 12.
3bab06
-254240 (base 13) to base 14
-19401b
200343334 (base 5) to base 3
1111022121101
What is 12657242 (base 8) in base 14?
53db58
What is 1011001001101011001110 (base 2) in base 4?
23021223032
-3283a2 (base 12) to base 10
-802346
Convert 11001111101101001 (base 2) to base 8.
317551
-7049216 (base 10) to base 11
-3a851a9
-653b8 (base 15) to base 2
-1001110011111000001
What is -11010315 (base 8) in base 14?
-457525
What is -111aeb (base 15) in base 14?
-17346a
What is 1a799 (base 14) in base 12?
32b97
Convert 4a686 (base 14) to base 8.
544176
3536615 (base 7) to base 4
1231001111
-1001100111111010010 (base 2) to base 7
-2452243
3310012 (base 5) to base 7
324560
101000000000001110001011 (base 2) to base 14
156d959
Convert -101a222 (base 13) to base 16.
-4a6d8a
What is -9488a (base 12) in base 5?
-22213134
What is -792084 (base 13) in base 11?
-1684238
Convert -56a761 (base 12) to base 14.
-28162d
What is -1001111111110010 (base 2) in base 11?
-28844
Convert 10624037 (base 8) to base 6.
121214451
Convert -2111013012 (base 4) to base 10.
-610758
What is 941014 (base 10) in base 5?
220103024
What is -54072477 (base 8) in base 6?
-1051510355
What is -699511 (base 11) in base 10?
-1110671
-381548 (base 10) to base 5
-44202143
c4871 (base 13) to base 6
11322032
1460663 (base 10) to base 4
11210212313
-3479a (base 13) to base 2
-10111011000100101
-5c244 (base 13) to base 10
-169563
686990 (base 10) to base 7
5560613
What is -40b7051 (base 12) in base 13?
-26a7aa4
What is -13020131213 (base 4) in base 12?
-761b9b
-872ac6 (base 13) to base 10
-3176517
Convert 2a2757 (base 11) to base 7.
4004223
-3e17a7 (base 15) to base 16
-2da76e
Convert 420363 (base 8) to base 9.
232327
Convert 32231422 (base 5) to base 4.
1002321003
Convert -3032321311 (base 4) to base 6.
-30055301
What is -4672026 (base 9) in base 5?
-1121334332
Convert -440366 (base 9) to base 10.
-262743
Convert 110101001001000011 (base 2) to base 16.
35243
-25276617 (base 9) to base 12
-41973a4
What is 944412 (base 10) in base 12?
396650
-1547ba3 (base 14) to base 7
-154226463
What is 1147206 (base 9) in base 3?
1011121020020
What is -255416 (base 8) in base 3?
-11111212121
-348718 (base 10) to base 13
-c2956
-57977 (base 12) to base 16
-1c9ab
-234051 (base 9) to base 10
-140743
Convert 10010101110110111010 (base 2) to base 15.
c1d13
What is -12101223101 (base 4) in base 15?
-227745
What is 499712 (base 15) in base 14?
67a924
Convert 113425256 (base 7) to base 15.
938885
Convert 154f34 (base 16) to base 6.
45533232
-130221202011 (base 4) to base 9
-15115880
-1530122 (base 8) to base 15
-89d39
What is -101110110011000010001 (base 2) in base 5?
-343032312
What is 6d2e9e (base 15) in base 10?
5224424
What is -10403440 (base 5) in base 13?
-32623
14b118 (base 15) to base 6
33230052
14ba40 (base 13) to base 2
1111100110111010110
Convert 1001010001111110010011 (base 2) to base 5.
1110323130
Convert -2304512